{"id":659,"date":"2016-05-19T16:21:17","date_gmt":"2016-05-19T14:21:17","guid":{"rendered":"http:\/\/zbikowska.waw.pl\/serwis\/?page_id=659"},"modified":"2016-06-20T13:32:46","modified_gmt":"2016-06-20T11:32:46","slug":"walne-zgromadzenie-2016","status":"publish","type":"page","link":"https:\/\/zbikowska.waw.pl\/serwis\/walne-zgromadzenie-2016\/","title":{"rendered":"Walne Zgromadzenie 2016"},"content":{"rendered":"<p><a href=\"https:\/\/zbikowska.waw.pl\/serwis\/wp-content\/uploads\/2016\/05\/01.-Tekst-zawiadomienia-dla-Krajowej-Rady-Sp\u00f3\u0142dzielczej1.pdf\">01. Tekst zawiadomienia dla Krajowej Rady Sp\u00f3\u0142dzielczej<\/a><\/p>\n<p><a href=\"https:\/\/zbikowska.waw.pl\/serwis\/wp-content\/uploads\/2016\/05\/02.-Tekst-zawiadomienia-dla-Cz\u0142onk\u00f3w-Sp\u00f3\u0142dzielni1.pdf\">02. Tekst zawiadomienia dla Cz\u0142onk\u00f3w Sp\u00f3\u0142dzielni<\/a><\/p>\n<p><a href=\"https:\/\/zbikowska.waw.pl\/serwis\/wp-content\/uploads\/2016\/05\/03.-Protok\u00f3\u0142-z-Walnego-Zgromadzenia-w-dniu-02.06.2016r..pdf\">03. Protok\u00f3\u0142 z Walnego Zgromadzenia w dniu 02.06.2016r.<\/a><\/p>\n<p><a href=\"https:\/\/zbikowska.waw.pl\/serwis\/wp-content\/uploads\/2016\/05\/04.-Sprawozdanie-Komisji-Rewizyjnej-za-rok-2015r.pdf\">04. Sprawozdanie Komisji Rewizyjnej za rok 2015r<\/a><\/p>\n<p><a href=\"https:\/\/zbikowska.waw.pl\/serwis\/wp-content\/uploads\/2016\/05\/05.-List-polustracyjny-z-dnia-09.11.2015r1.pdf\">05. List polustracyjny z dnia 09.11.2015r<\/a><\/p>\n<p><a href=\"https:\/\/zbikowska.waw.pl\/serwis\/wp-content\/uploads\/2016\/05\/06.-Uchwa\u0142a-nr-1-w-spr.-zatwierdzenia-sprawozdania-Komisji-Rewizyjnej-za-rok-2015.pdf\">06. Uchwa\u0142a nr 1 w spr. zatwierdzenia sprawozdania Komisji Rewizyjnej za rok 2015<\/a><\/p>\n<p><a href=\"https:\/\/zbikowska.waw.pl\/serwis\/wp-content\/uploads\/2016\/05\/07.-Sprawozdanie-Zarz\u0105du-za-2015r.pdf\">07. Sprawozdanie Zarz\u0105du za 2015r<\/a><\/p>\n<p><a href=\"https:\/\/zbikowska.waw.pl\/serwis\/wp-content\/uploads\/2016\/05\/08.-Bilans-sporz\u0105dzony-na-dzie\u0144-31.12.2015r..pdf\">08. Bilans sporz\u0105dzony na dzie\u0144 31.12.2015r.<\/a><\/p>\n<p><a href=\"https:\/\/zbikowska.waw.pl\/serwis\/wp-content\/uploads\/2016\/05\/09.-Rachunek-zysk\u00f3w-i-strat-za-rok-2015.pdf\">09. Rachunek zysk\u00f3w i strat za rok 2015<\/a><\/p>\n<p><a href=\"https:\/\/zbikowska.waw.pl\/serwis\/wp-content\/uploads\/2016\/05\/10.-Informacja-dodatkowa-do-bilansu-za-rok-2015.pdf\">10. Informacja dodatkowa do bilansu za rok 2015<\/a><\/p>\n<p><a href=\"https:\/\/zbikowska.waw.pl\/serwis\/wp-content\/uploads\/2016\/05\/11.-Uchwa\u0142a-nr-2-w-spr.-zatwierdzenia-sprawozdania-Zarz\u0105du-za-rok-2015.pdf\">11. Uchwa\u0142a nr 2 w spr. zatwierdzenia sprawozdania Zarz\u0105du za rok 2015<\/a><\/p>\n<p><a href=\"https:\/\/zbikowska.waw.pl\/serwis\/wp-content\/uploads\/2016\/05\/12.-Uchwa\u0142a-nr-3-w-spr.-zatwierdzenia-sprawozdania-finansowego-za-rok-2015.pdf\">12. Uchwa\u0142a nr 3 w spr. zatwierdzenia sprawozdania finansowego za rok 2015<\/a><\/p>\n<p><a href=\"https:\/\/zbikowska.waw.pl\/serwis\/wp-content\/uploads\/2016\/05\/13.-Uchwa\u0142a-nr-4-w-spr.-udzielenia-absolutorium-prezesowi-zarz\u0105du.pdf\">13. Uchwa\u0142a nr 4 w spr. udzielenia absolutorium prezesowi zarz\u0105du<\/a><\/p>\n<p><a href=\"https:\/\/zbikowska.waw.pl\/serwis\/wp-content\/uploads\/2016\/05\/14.-Uchwa\u0142a-nr-5-w-spr.-udzielenia-absolutorium-cz\u0142onkowi-zarz\u0105du.pdf\">14. Uchwa\u0142a nr 5 w spr. udzielenia absolutorium cz\u0142onkowi zarz\u0105du<\/a><\/p>\n<p><a href=\"https:\/\/zbikowska.waw.pl\/serwis\/wp-content\/uploads\/2016\/05\/15.-Uchwa\u0142a-nr-6-w-spr-wykorzyst-nadwy\u017cki-przychod\u00f3w-nad-kosztami.pdf\">15. Uchwa\u0142a nr 6 w spr wykorzyst nadwy\u017cki przychod\u00f3w nad kosztami<\/a><\/p>\n<p><a href=\"https:\/\/zbikowska.waw.pl\/serwis\/wp-content\/uploads\/2016\/05\/16.-Uchwa\u0142a-nr-7-w-spr.-oznaczenia-najwy\u017cszej-sumy-zobowiaza\u0144-w-roku-2016.pdf\">16. Uchwa\u0142a nr 7 w spr. oznaczenia najwy\u017cszej sumy zobowiaza\u0144 w roku 2016<\/a><\/p>\n<p><a href=\"https:\/\/zbikowska.waw.pl\/serwis\/wp-content\/uploads\/2016\/05\/17.-Uchwa\u0142a-nr-8-w-sprawie-zatwierdzenia-Planu-gospodarczego-na-rok-2016.pdf\">17. Uchwa\u0142a nr 8 w sprawie zatwierdzenia Planu gospodarczego na rok 2016<\/a><\/p>\n<p><a href=\"https:\/\/zbikowska.waw.pl\/serwis\/wp-content\/uploads\/2016\/05\/18.-Plan-gospodarczy-na-rok-2016.pdf\">18. Plan gospodarczy na rok 2016<\/a><\/p>\n<p><a href=\"https:\/\/zbikowska.waw.pl\/serwis\/wp-content\/uploads\/2016\/05\/19.-Uchwa\u0142a-nr-9-w-sprawie-zmian-w-statucie.pdf\">19. Uchwa\u0142a nr 9 w sprawie zmian w statucie<\/a><\/p>\n<p><a href=\"https:\/\/zbikowska.waw.pl\/serwis\/wp-content\/uploads\/2016\/05\/20.-Uchwa\u0142a-nr-10-w-spr-tekstu-jednolitego-statutu.pdf\">20. Uchwa\u0142a nr 10 w spr tekstu jednolitego statutu<\/a><\/p>\n<p><a href=\"https:\/\/zbikowska.waw.pl\/serwis\/wp-content\/uploads\/2016\/05\/21.-Statut-tekst-jednolity.pdf\">21. Statut tekst jednolity<\/a><\/p>\n<p><a href=\"https:\/\/zbikowska.waw.pl\/serwis\/wp-content\/uploads\/2016\/05\/22.-Uchwa\u0142a-nr-11-w-spr.-zmian-w-regulaminie-Komisji-Rewizyjnej.pdf\">22. Uchwa\u0142a nr 11 w spr. zmian w regulaminie Komisji Rewizyjnej<\/a><\/p>\n<p><a href=\"https:\/\/zbikowska.waw.pl\/serwis\/wp-content\/uploads\/2016\/05\/23.-Regulamin-Komisji-Rewizyjnej.pdf\">23. Regulamin Komisji Rewizyjnej<\/a><\/p>\n<p><a href=\"https:\/\/zbikowska.waw.pl\/serwis\/wp-content\/uploads\/2016\/05\/24.-Uchwa\u0142a-nr-12-w-sprawie-zatw-struktury-org.pdf\">24. Uchwa\u0142a nr 12 w sprawie zatw struktury org<\/a><\/p>\n<p><a href=\"https:\/\/zbikowska.waw.pl\/serwis\/wp-content\/uploads\/2016\/05\/25.-Struktura-organizacyjna.pdf\">25. Struktura organizacyjna<\/a><\/p>\n<p><a href=\"https:\/\/zbikowska.waw.pl\/serwis\/wp-content\/uploads\/2016\/05\/26.-Uchwa\u0142a-nr-13-w-spr-przyznania-diet-dla-cz\u0142onk\u00f3w-Komisji-Rewizyjnej.pdf\">26. Uchwa\u0142a nr 13 w spr przyznania diet dla cz\u0142onk\u00f3w Komisji Rewizyjnej<\/a><\/p>\n<p>&nbsp;<\/p>\n","protected":false},"excerpt":{"rendered":"<p>01. Tekst zawiadomienia dla Krajowej Rady Sp\u00f3\u0142dzielczej 02. Tekst zawiadomienia dla Cz\u0142onk\u00f3w Sp\u00f3\u0142dzielni 03. Protok\u00f3\u0142 z Walnego Zgromadzenia w dniu 02.06.2016r. 04. Sprawozdanie Komisji Rewizyjnej za rok 2015r 05. List polustracyjny z dnia 09.11.2015r 06. Uchwa\u0142a nr 1 w spr. zatwierdzenia sprawozdania Komisji Rewizyjnej za rok 2015 07. Sprawozdanie Zarz\u0105du za 2015r 08. Bilans sporz\u0105dzony &hellip; <\/p>\n<p class=\"link-more\"><a href=\"https:\/\/zbikowska.waw.pl\/serwis\/walne-zgromadzenie-2016\/\" class=\"more-link\">Czytaj dalej<span class=\"screen-reader-text\"> \u201eWalne Zgromadzenie 2016\u201d<\/span><\/a><\/p>\n","protected":false},"author":3,"featured_media":0,"parent":0,"menu_order":0,"comment_status":"closed","ping_status":"closed","template":"","meta":{"footnotes":""},"class_list":["post-659","page","type-page","status-publish","hentry"],"_links":{"self":[{"href":"https:\/\/zbikowska.waw.pl\/serwis\/wp-json\/wp\/v2\/pages\/659","targetHints":{"allow":["GET"]}}],"collection":[{"href":"https:\/\/zbikowska.waw.pl\/serwis\/wp-json\/wp\/v2\/pages"}],"about":[{"href":"https:\/\/zbikowska.waw.pl\/serwis\/wp-json\/wp\/v2\/types\/page"}],"author":[{"embeddable":true,"href":"https:\/\/zbikowska.waw.pl\/serwis\/wp-json\/wp\/v2\/users\/3"}],"replies":[{"embeddable":true,"href":"https:\/\/zbikowska.waw.pl\/serwis\/wp-json\/wp\/v2\/comments?post=659"}],"version-history":[{"count":3,"href":"https:\/\/zbikowska.waw.pl\/serwis\/wp-json\/wp\/v2\/pages\/659\/revisions"}],"predecessor-version":[{"id":720,"href":"https:\/\/zbikowska.waw.pl\/serwis\/wp-json\/wp\/v2\/pages\/659\/revisions\/720"}],"wp:attachment":[{"href":"https:\/\/zbikowska.waw.pl\/serwis\/wp-json\/wp\/v2\/media?parent=659"}],"curies":[{"name":"wp","href":"https:\/\/api.w.org\/{rel}","templated":true}]}}