{"id":11,"date":"2010-03-17T20:36:44","date_gmt":"2010-03-17T19:36:44","guid":{"rendered":"http:\/\/paciorek.org\/zbikowska\/?page_id=11"},"modified":"2010-12-14T15:45:59","modified_gmt":"2010-12-14T14:45:59","slug":"wazne-informacje","status":"publish","type":"page","link":"https:\/\/zbikowska.waw.pl\/serwis\/wazne-informacje\/","title":{"rendered":"Wa\u017cne informacje"},"content":{"rendered":"<p>Godziny pracy biura:<\/p>\n<p>Poniedzia\u0142ek, wtorek, \u015broda i pi\u0105tek 8:00 &#8211; 16:00<\/p>\n<p>Czwartek 10:00 &#8211; 18:00<\/p>\n","protected":false},"excerpt":{"rendered":"<p>Godziny pracy biura: Poniedzia\u0142ek, wtorek, \u015broda i pi\u0105tek 8:00 &#8211; 16:00 Czwartek 10:00 &#8211; 18:00<\/p>\n","protected":false},"author":3,"featured_media":0,"parent":0,"menu_order":0,"comment_status":"closed","ping_status":"closed","template":"","meta":{"footnotes":""},"class_list":["post-11","page","type-page","status-publish","hentry"],"_links":{"self":[{"href":"https:\/\/zbikowska.waw.pl\/serwis\/wp-json\/wp\/v2\/pages\/11","targetHints":{"allow":["GET"]}}],"collection":[{"href":"https:\/\/zbikowska.waw.pl\/serwis\/wp-json\/wp\/v2\/pages"}],"about":[{"href":"https:\/\/zbikowska.waw.pl\/serwis\/wp-json\/wp\/v2\/types\/page"}],"author":[{"embeddable":true,"href":"https:\/\/zbikowska.waw.pl\/serwis\/wp-json\/wp\/v2\/users\/3"}],"replies":[{"embeddable":true,"href":"https:\/\/zbikowska.waw.pl\/serwis\/wp-json\/wp\/v2\/comments?post=11"}],"version-history":[{"count":5,"href":"https:\/\/zbikowska.waw.pl\/serwis\/wp-json\/wp\/v2\/pages\/11\/revisions"}],"predecessor-version":[{"id":211,"href":"https:\/\/zbikowska.waw.pl\/serwis\/wp-json\/wp\/v2\/pages\/11\/revisions\/211"}],"wp:attachment":[{"href":"https:\/\/zbikowska.waw.pl\/serwis\/wp-json\/wp\/v2\/media?parent=11"}],"curies":[{"name":"wp","href":"https:\/\/api.w.org\/{rel}","templated":true}]}}